
False
Is (1 - -2) + -7 + 4 - -1371 composite?
True
Suppose 4*n - 4*f = 2348, -3*f = 5*n - 2096 - 871. Is n composite?
True
Let y(j) be the first derivative of j**2/2 + 161*j - 2. Is y(0) composite?
True
Let h(o) = o**3 + 4*o**2 - 3*o + 7. Let w be h(-5). Let i(v) = -20*v**3 + 7*v**3 + 5 + 2*v + 11*v**3. Is i(w) a prime number?
True
Let p(a) = 58510*a + 1. Is p(1) a prime number?
True
Let h be -75*1 - (-1 - -2). Let g be 1383/(-27) - ((-40)/36)/5. Let r = g - h. Is r composite?
True
Let m be 1057/7 - (-3)/(-1). Suppose -c + m = -145. Is c a prime number?
True
Suppose -3*x = -0*x - 9. Suppose 3*b - 3*c = -0*c + 411, -5*c - 417 = -x*b. Is b a prime number?
False
Let c = 31 + -24. Suppose c*m + 11 = 858. Is m prime?
False
Let i(f) = -f**2 - 17*f - 35. Let k be i(-16). Let n(t) = t**3 + 20*t**2 + 6*t - 38. Is n(k) a prime number?
False
Suppose -t + g - 6 - 4 = 0, -2*t = g + 8. Let l be (2 + (-4 - t))/2. Suppose -l*d - 3*w + 455 = -d, -d + 463 = 5*w. Is d composite?
False
Let x = -18 + 9. Let v be ((-57)/x)/1*12. Let y = v + -45. Is y prime?
True
Let r = -11 + 14. Suppose -r*q = 198 + 1518. Let u = 829 + q. Is u a prime number?
True
Let n(m) = -4*m**3 + 8*m + 23. Is n(-12) composite?
True
Let j(w) = -5*w - w**2 + 19*w**2 - 8 - 2*w. Let n be j(-5). Suppose -s = -4*s + n. Is s a composite number?
True
Let d be -3 - (0 - (-224)/(-2)). Suppose -2*l = 2, -m + 4*l = 2*m - d. Suppose 0 = -2*b + 5*h + 287, 691 + m = 5*b - 4*h. Is b a composite number?
True
Let u(z) = -10*z. Let x be u(9). Let l be (3/(-9))/(5/x). Suppose -4*r + 4*d - 166 = -l*r, 0 = -5*r - 4*d + 433. Is r a prime number?
True
Suppose 9 = i - 2*j - 0, 5*j + 5 = 0. Let s(l) = l**3 + 4*l**2 + 4*l + 16. Is s(i) prime?
False
Suppose 213479 = -16*b + 23*b. Is b composite?
False
Let i(l) = -l**2 - 4*l + 5. Let q be i(-4). Suppose 1707 = q*p - 1468. Is p prime?
False
Let f be 4*(-1 + -2 - -4). Suppose 3*p + q + q - 1713 = 0, -2284 = -f*p - 4*q. Is p a prime number?
True
Suppose -685 = 3*r + 4*z, z - 44 + 272 = -r. Let l(p) = 23*p - 1. Let x be l(19). Let w = r + x. Is w a prime number?
False
Suppose -678*j + 26485 = -673*j. Is j composite?
False
Suppose -6 = 5*w - 4*w. Let j be (8/(-10))/(w/15). Is (3 + -4)/(j/(-422)) a composite number?
False
Suppose 0 = 4*b + 20, -2*l + 5*b = -l - 25. Suppose 4*z + q - 765 = l, 3*z - 2*q - 404 = 167. Is z composite?
False
Let o(k) = -k**3 - 8*k**2 - 20*k - 2. Is o(-19) prime?
True
Suppose -16*q + 105608 = -8*q. Is q a prime number?
False
Let t(z) = 705*z - 697. Is t(22) prime?
True
Is (((-3340)/8)/5)/((-6)/228) a composite number?
True
Suppose 288 = j - 360. Let a = j - 395. Is a composite?
True
Suppose -409 = 3*o + 194. Let n = 404 + o. Let m = -124 + n. Is m a composite number?
False
Let c = 53 - 52. Suppose 3*d + 21462 = -2184. Is c/4 - d/56 composite?
True
Let x(b) = 0 - 183*b**2 - 2*b - 1 + 174*b**3 + 181*b**2. Let j be x(-2). Is (5 - 0) + -3 - j a composite number?
False
Suppose -2*x = 3*l + 2276, -3*x - 3*l - 5690 = 2*x. Let v = -719 - x. Is v prime?
True
Let w = 15742 + -6173. Is w prime?
False
Let g(q) = q**2 + 34*q - 23. Let x(a) = a**2 - a - 1. Let u(i) = -g(i) + 5*x(i). Is u(25) a prime number?
True
Is (-6 - 327/(-6) - 4)*82 composite?
True
Let p = 51 + -54. Is 1*(-4 - p) + 3516/2 a composite number?
True
Suppose g = 5*c + 2335, c + 2*c = -4*g + 9248. Let v = -1528 + g. Is v prime?
True
Suppose 73 = 3*y + 5*z - 10*z, -4*y - 2*z = -54. Let l = -3 + y. Is 20/(-130) + 1133/l composite?
True
Let d(p) be the first derivative of 11/2*p**2 - 3 + 4*p**3 + 2*p - 1/4*p**4. Is d(12) a prime number?
False
Let i(z) = 1092*z - 65. Is i(4) prime?
False
Let u(b) = -3*b - 22. Let o be u(-8). Suppose o*y = 5*y + 459. Is 1/(2 - y/(-78)) a composite number?
True
Let h = 67081 + -37344. Is h composite?
True
Suppose -n + 48 = -3*n. Let u be 8/3*n/(-16). Suppose -3*v = -u*q + 511, 3*q - 638 = -2*q + 3*v. Is q composite?
False
Let p(i) be the second derivative of i**5/20 + i**3/6 + 6*i**2 + i. Let w be p(0). Is ((-4)/w)/(2/(-1758)) a prime number?
True
Let x(i) be the third derivative of -3*i**7/280 - i**6/144 + 7*i**5/60 + 3*i**2. Let h(t) be the third derivative of x(t). Is h(-3) prime?
True
Let i be (7/28)/((-2)/(-8)) + -2. Is (i - -1579)/(-3)*(-4)/8 prime?
True
Suppose g + 9 = 15. Suppose -2*y + g*y - 19000 = -2*k, -k + 19002 = 4*y. Is y composite?
False
Let w = 25 + 153. Suppose -v - v = -w. Is v prime?
True
Let t(m) = 46*m**3 - 4*m**2 + 7. Let n be 6 - -6*(-5)/10. Is t(n) a prime number?
True
Suppose 0 = -45*a + 55*a - 13670. Is a composite?
False
Let f(y) = 432*y**2 - 5*y + 3. Is f(2) prime?
True
Let i = 54 + -56. Let g(v) = -273*v + 5. Is g(i) composite?
True
Let r(y) = -3*y**2 + 3*y + 5 - 14*y + 6*y**2. Is r(9) prime?
True
Suppose -8*j = -2*j + 4416. Let f = j - -1389. Is f composite?
False
Let h = 11159 - 7202. Is h prime?
False
Suppose -5*d - 29 = -a, 28 = 5*a - 4*d - 12. Suppose -9*o + a*o = -190. Let u = 39 + o. Is u a composite number?
True
Suppose 2*y + 388 = 6*y. Let j be (y/(-3))/((-1)/6). Suppose -j = -6*s + 4*s. Is s a prime number?
True
Suppose n - 16 = -3*n. Suppose -3*c + 545 = 2*c - 5*w, -2*w - 440 = -n*c. Is c prime?
False
Let l be (-6)/(-9) - 22/6. Let x = l - -2. Is (1 - x)/((-6)/(-573)) composite?
False
Let u be ((-4)/(-2) - 1) + 6. Let k be u*(4 - (-236)/(-14)). Let o = -28 - k. Is o a composite number?
True
Let n(b) = 8*b**3 - 5*b**2 + 3*b - 1. Let m be n(4). Let l = 292 + m. Suppose -3*d - 5*g = -3714 + l, 0 = 5*d - 5*g - 4965. Is d composite?
True
Suppose 5*s - 3*o = 19847, 0 = 2*s - 2*o - 6924 - 1018. Is s composite?
False
Suppose 2*f = 11 + 7. Let l be (-1 - -107) + 8 + -3. Suppose 6*r + l = f*r. Is r composite?
False
Let l = 168 - -220. Suppose 5*x - l = x. Let i = x + -54. Is i a composite number?
False
Let g(s) = -2*s**3 - 92*s**2 + 83*s + 114. Is g(-47) a prime number?
True
Let x = 2143 - 1512. Is x composite?
False
Suppose 1 - 13 = -3*h. Let d be 3/(((-9)/h)/(-3)). Suppose d*p = 5*p - 571. Is p a prime number?
True
Suppose 85777 = 8*i + 23*i. Is i a composite number?
False
Suppose 15802 = 130*i - 128*i. Is i prime?
True
Let f(i) = 3*i**2 - 46*i + 62. Is f(21) a prime number?
True
Is 55564*(2 + -4 + 9/4) prime?
False
Is (35/42 - 1)/((-3)/64674) prime?
True
Let x = 20 + -20. Suppose -3*s = 5*c - 296, -4*c + 200 = 2*s - x*c. Suppose 3*v - s = 1681. Is v a composite number?
True
Suppose -2*u + 4627 - 981 = 0. Is u a composite number?
False
Let k(s) = -252*s**2 + 170*s**2 + 179*s**2. Is k(-1) a composite number?
False
Let x(s) be the second derivative of -10*s**3/3 + 9*s**2/2 - 6*s. Let q be x(7). Let g = 134 - q. Is g a prime number?
False
Let z(i) = -i**2 - 10*i - 3. Let o be z(-9). Suppose 10*g + 8 = o*g. Is (1/(-1))/(g/116) a composite number?
True
Suppose 3*r = -r + 12. Suppose 2*h + h - 2634 = -r*q, -q + 4386 = 5*h. Is h a composite number?
False
Let g be (-631)/2 - 6/12. Let i = -146 - g. Let p = i - 9. Is p composite?
True
Suppose -12*s = -42539 - 223633. Is s composite?
True
Suppose 0 = 43*q - 55*q + 109788. Is q composite?
True
Suppose 3*d - 375 = -2*d. Let a = 130 + d. Is a a composite number?
True
Let o(c) = -3*c**3 + 2*c**2 - 14*c + 61. Is o(-12) prime?
True
Is (84382/217)/(6/105) a prime number?
False
Let y(t) = 10*t + 919. Is y(0) a composite number?
False
Suppose -6*g + 111256 = -155246. Is g a prime number?
True
Let c(p) = -6*p - p**2 + 6*p - 11 - 14*p. Suppose 5*o = -0*o - 60. Is c(o) composite?
False
Let h(t) be the second derivative of t**5/60 + 85*t**3/6 + 9*t**2/2 - t. Let m(s) be the first derivative of h(s). Is m(0) composite?
True
Let n(a) = -a**3 - 14*a**2 + 50*a - 20. Is n(-21) composite?
False
Is (-7)/((14/(-2))/(-7)) - -794 composite?
False
Suppose -54*z - 269835 = -1384773. Is z composite?
True
Suppose -2 = 2*j, -w + 4*j + 7043 = -0*w. Is w prime?
True
Let q(n) = -3*n**3 + 3*n**2 - 46*n + 15. Let s be q(-21). Suppose -u = 8*u - s. Is u a prime number?
True
Let x be (-1 - -2)/((-3)/(-24)). Suppose -5*a = -9*a + x. Suppose -4*l = w - 1515, 0 = 4*l - a*w - 0*w - 1518. Is l a prime number?
True
Suppose h = 2*x - 101 - 169, 3*h + 807 = 5*x. Let s be 1609/(-9) - 4/18. Let a = s - h. Is a prime?
False
Let d(h) = 39*h**2 - 14*h + 24. Is d(-19) a prime number?
True
Suppose k + 4 = -k. Let f be k - (4/(-1) + -2). Sup